 3*o - 14. Calculate m(-3).
-77
Let p(d) = 6*d - 33. What is p(10)?
27
Let n(i) = -i**2 - 11*i + 4. What is n(-6)?
34
Let c(y) = y**3 - 13*y**2 + 2*y - 30. Determine c(13).
-4
Let a(f) = 6*f**2 + 55*f + 53. Calculate a(-1).
4
Let t(k) = -4*k + 2. Calculate t(8).
-30
Let q(u) = u - 10. Determine q(7).
-3
Let z(y) = y**2 + 18*y - 66. Give z(3).
-3
Let f(c) = -10*c - 3. Calculate f(1).
-13
Let g(l) = l**3 + 54*l**2 - 3*l - 152. What is g(-54)?
10
Let b(t) = -20*t + 32. Determine b(1).
12
Let q(p) = 5*p + 1. Determine q(-4).
-19
Let o(g) = g**2 + 4*g + 8. Determine o(-7).
29
Let a(k) = -k**3 + 8*k**2 + 18*k + 10. Calculate a(10).
-10
Let u(a) = a**3 - 27*a**2 - 26*a - 50. Determine u(28).
6
Let n(o) = 17*o. Determine n(-1).
-17
Let u(y) = y**2 - 6*y - 5. What is u(7)?
2
Let f(a) = a**2 + 40*a + 193. Give f(-6).
-11
Let p(z) = -8*z - 15. Determine p(-11).
73
Let d(k) = -3*k - 16. Calculate d(-9).
11
Let l(n) = -n**2 - 5*n - 16. Give l(-8).
-40
Let f(u) = -u**3 - 17*u**2 - 14*u + 42. Give f(-16).
10
Let i(w) = -10*w + 290. Determine i(29).
0
Let w(u) = -u + 3. Give w(-9).
12
Let j(a) = -a**2 - 9*a - 39. Give j(-7).
-25
Let k(b) = b**3 - 18*b**2 + 2*b - 42. Determine k(18).
-6
Let g(y) = -y**3 - 14*y**2 - 17*y + 4. Calculate g(-13).
56
Let p(j) = j**3 - 3*j**2 + 3*j + 2. What is p(5)?
67
Let t(z) = 2*z**2 - 19*z - 12. Give t(10).
-2
Let q(j) = -j**2 - 28*j - 154. Give q(-19).
17
Let o(i) = -35*i + 411. Calculate o(12).
-9
Let k(f) = f**3 + 6*f**2 - 4*f + 3. Determine k(-7).
-18
Let f(x) = 29*x + 254. Give f(-9).
-7
Let q(y) = -y**2 + 17*y - 62. Calculate q(12).
-2
Let b(v) = v**3 + 6*v**2 + 5*v - 5. Determine b(-5).
-5
Let x(t) = 2*t**2 + 5*t + 2. What is x(-4)?
14
Let q(v) = -15*v + 44. Calculate q(4).
-16
Let j(v) = -2*v**2 - 9*v - 18. Determine j(-2).
-8
Let o(s) = s**3 - 9*s**2 + 7*s - 2. Give o(7).
-51
Let y(x) = x**2. Give y(5).
25
Let n(h) = h + 2. Give n(-2).
0
Let r(b) = -139*b + 4. Determine r(-1).
143
Let i(l) = -l**2 + 6*l + 35. What is i(-4)?
-5
Let g(n) = -2*n + 27. Calculate g(17).
-7
Let o(z) = z - 2. Give o(-8).
-10
Let o(c) = c**3 - 5*c**2 - 3*c - 14. Give o(6).
4
Let n(k) = -k**3 - 15*k**2 - 36*k - 25. Determine n(-12).
-25
Let m(l) = -l**3 + l - 33. Calculate m(0).
-33
Let x(z) = 5*z**3 - 40*z**2 - 8. What is x(8)?
-8
Let t(a) = 3*a + 63. Calculate t(-18).
9
Let j(z) = -z**2 - z - 110. What is j(0)?
-110
Let z(y) = -y**3 + 2*y**2 - 4*y + 7. What is z(3)?
-14
Let u(y) = y**2 + y + 4. Determine u(4).
24
Let k(f) = f**2 - 22*f + 40. What is k(20)?
0
Let h(q) = -2*q**2 - 15*q + 7. Give h(-7).
14
Let k(n) = n**3 + 19*n**2 - 41*n - 11. Calculate k(-21).
-32
Let z(n) = n**3 + 3*n**2 + 2*n + 6. Give z(-2).
6
Let d(r) = 15*r + 328. Give d(-22).
-2
Let g(b) = 2*b**2 - 69*b + 25. What is g(34)?
-9
Let q(k) = -4*k + 32. Determine q(6).
8
Let s(z) = -z - 10. Calculate s(-15).
5
Let r(s) = -s**3 + 11*s**2 - 11*s + 13. Give r(10).
3
Let w(m) = -2*m + 9. What is w(3)?
3
Let v(j) = j**2 + 20*j + 42. What is v(-17)?
-9
Let h(q) = 7*q**2 - 2*q + 1. Calculate h(1).
6
Let i(t) = t + 10. Determine i(-5).
5
Let t(v) = v**2 - 15*v - 14. Give t(14).
-28
Let j(b) = -4*b**2 - 6*b. Calculate j(-4).
-40
Let z(s) = -s**2 + 14*s + 7. Calculate z(11).
40
Let l(a) = -3*a**2 - a - 3. Determine l(4).
-55
Let c(z) = -3*z**2 - 22*z + 3. What is c(-8)?
-13
Let q(x) = x**3 - 4*x**2 - 9*x - 16. Give q(6).
2
Let i(a) = -a**3 - 41*a**2 + 42*a + 13. Give i(-42).
13
Let f(x) = 3*x**3 - x**2 - 3*x - 2. Determine f(-1).
-3
Let u(m) = 8*m + 4. What is u(2)?
20
Let p(q) = 14*q**2 + q - 4. Determine p(3).
125
Let t(n) = 4*n**2 + 26*n - 1. Give t(-7).
13
Let m(t) = 2*t**3 + 8*t**2 + 7*t. What is m(-5)?
-85
Let m(k) = 4*k**2 + 3*k + 1. What is m(1)?
8
Let x(s) = -s + 39. Determine x(16).
23
Let a(t) = -t**2 - 8*t + 6. Determine a(-9).
-3
Let t(u) = u**3 - 6*u**2 - u + 5. Determine t(6).
-1
Let s(o) = o**2 - 5*o + 14. Give s(15).
164
Let t(x) = 27*x**2 + 3*x + 1. Give t(-1).
25
Let z(c) = -c**2 - 3*c - 12. Determine z(-3).
-12
Let l(i) = i**3 - 2*i**2 + 6*i - 11. Determine l(5).
94
Let k(z) = -z**3 - 9*z**2 + 3*z + 11. Give k(-9).
-16
Let n(g) = -g + 5. Give n(-3).
8
Let z(s) = 8*s**3 - 13*s**2 + 7*s - 12. Give z(2).
14
Let j(z) = z**2 - 49*z + 329. What is j(8)?
1
Let l(g) = g + 2. What is l(-8)?
-6
Let c(i) = i - 24. Determine c(7).
-17
Let w(q) = q**3 - q**2 + 2*q + 1. Give w(2).
9
Let a(p) = p**2 - 6*p - 30. Give a(8).
-14
Let k(x) = x**3 - x**2 + 6*x. Give k(0).
0
Let n(o) = -o - 1. Determine n(2).
-3
Let m(v) = -v**3 + 11*v**2 - 9*v - 24. Calculate m(10).
-14
Let f(d) = d**3 - 7*d**2 - 15*d - 28. Determine f(9).
-1
Let t(r) = -2*r + 14. Give t(11).
-8
Let y(z) = 268*z - 7. What is y(0)?
-7
Let v(z) = z**3 - 4*z**2 - 58*z + 6. Determine v(-6).
-6
Let m(u) = -u**3 - 12*u**2 + 16*u + 10. Determine m(-13).
-29
Let i(m) = -m**2 + 13*m + 9. Determine i(9).
45
Let f(m) = -m**3 + 26*m**2 - 49*m + 25. What is f(24)?
1
Let v(d) = 10*d - 9. Calculate v(1).
1
Let q(p) = 4*p + 16. Determine q(-3).
4
Let w(i) = -70*i - 1. Determine w(1).
-71
Let j(f) = -12*f - 2. Calculate j(1).
-14
Let k(m) = 6*m + 105. What is k(-19)?
-9
Let c(p) = 3*p - 5. What is c(8)?
19
Let v(g) = -g**2 - 110*g - 727. Calculate v(-7).
-6
Let v(a) = 11*a - 154. What is v(14)?
0
Let i(w) = -w**3 + 2*w**2 + 10*w + 4. Determine i(5).
-21
Let i(w) = -w - 5. Calculate i(-6).
1
Let u(t) = -6*t + 4. Calculate u(-2).
16
Let r(v) = -9*v**3 + 4*v**2 - 2*v - 1. Give r(2).
-61
Let h(x) = -10*x + 2. What is h(-4)?
42
Let q(b) = -3*b - 26. What is q(-8)?
-2
Let k(f) = -10*f + 16. What is k(2)?
-4
Let l(y) = 14*y + 4. Give l(-3).
-38
Let k(r) = 2*r**3 - 3*r - 2. Calculate k(0).
-2
Let p(x) = x**3 - 19*x**2 + 19*x - 25. Calculate p(18).
-7
Let z(v) = 9*v + 67. Give z(-13).
-50
Let i(b) = -b**3 + 13*b**2 + 13*b + 13. Calculate i(14).
-1
Let h(t) = -t**3 - 4*t**2 - 5*t - 6. Calculate h(-4).
14
Let c(g) = 4*g + 1. Give c(-1).
-3
Let f(s) = s**2 - 2*s + 2. What is f(3)?
5
Let u(w) = w**2 - 7*w - 16. Calculate u(14).
82
Let r(b) = -2*b**2 + 6*b - 5. Calculate r(3).
-5
Let i(s) = s**2 - 3*s + 13. Give i(-11).
167
Let o(k) = k**2 - 10*k + 2. Determine o(10).
2
Let g(h) = h**2 + 6*h - 1. Calculate g(-4).
-9
Let n(o) = -o**2 - o - 3. Give n(5).
-33
Let x(m) = m**3 + 11*m**2 + 2*m + 1. Give x(-10).
81
Let b(z) = z**3 - 9*z**2 - 5*z + 10. What is b(9)?
-35
Let p(g) = -3*g - 4. What is p(3)?
-13
Let m(a) = a**2 + 7*a + 16. What is m(-5)?
6
Let m(c) = -c**2 - 8*c - 16. What is m(-7)?
-9
Let j(p) = 3*p**3 - p**2 - 4*p - 2. What is j(-1)?
-2
Let i(p) = 27*p - 1. What is i(1)?
26
Let b(s) = s**2 + 67*s + 5. Give b(-67).
5
Let h(n) = -139*n + 1392. Give h(10).
2
Let j(g) = -23*g - 2. Calculate j(-2).
44
Let v(u) = u**3 + 3*u + 3. Calculate v(-1).
-1
Let v(k) = k**3 + 8*k**2 + 2*k - 6. Calculate v(-7).
29
Let s(w) = 15*w**2 + w + 1. What is s(-1)?
15
Let s(p) = -p**2 - 14*p - 41. What is s(-11)?
-8
Let t(q) = -q**3 + 4*q**2 + 6*q. What is t(5)?
5
Let a(q) = -39*q + 107. Determine a(3).
-10
Let w(l) = -4*l - 2. What is w(-4)?
14
Let s(t) = -t**2 - 8*t + 5. Calculate s(-4).
21
Let z(f) = -2*f**2 - 4*f + 3. What is z(1)?
-3
Let u(x) = 2*x + 7. What is u(-3)?
1
Let k(v) = 6*v + 128. Determine k(-16).
32
Let y(q) = q - 4. Give y(11).
7
Let d(s) = -4*s. Calculate d(1).
-4
Let h(n) = n**3 - 7*n**2 + 14*n - 8. Calculate h(7).
90
Let q(p) = -17*p**2 - 8*p + 8. Calculate q(1).
-17
Let i(d) = -2*d**2 - 17*d - 5. Give i(-9).
-14
Let x(b) = b - 12. Calculate x(13).
1
Let p(c) = c**3 + 7*c**2 - 6. Calculate p(-7).
-6
Let w(h) = h**2 + 11*h + 10. What is w(-10)?
0
Let v(j) = -j**3 - j**2 + j - 54. Give v(0).
-54
Let t(n) = -10*n + 42. Determine t(0).
42
Let s(f) = -f**3 - 2*f**2 + 8*f + 1. What is s(4)?
-63
Let y(l) = -l**3 - 5*l**2 - 2*l + 2. Give y(-4).
-6
Let p(f) = f**3 - f**2 - f + 4. What is p(2)?
6
Let f(k) = 3*k - 10. What is f(10)?
20
Let i(a) = -4*a - 27. Determine i(-5).
-7
Let k(q) = -3*q - 15. Give k(8).
-39
Let r(s) = -5*s**2 + s + 3. Give r(-2).
-19
Let m(k) = -k**3 + 10*k**2 + 13*k - 3. What is m(11)?
19
Let r(w) = -w**3 + 19*w**2 - w + 2. Determine r(19).
-17
Let t(l) = l**3 - 15*l**2 + 14*l - 4. Determine t(14).
-4
Let h(g) = -g**3 + 5*g**2 - 7*g - 6. Calculate h(6).
-84
Let d(g) = -8*g - 552. Give d(-69).
0
Let m(x) = x**3 - 11*x**2 - 9*x + 2